{"id":242,"date":"2019-04-15T21:04:40","date_gmt":"2019-04-15T19:04:40","guid":{"rendered":"http:\/\/www.feuerwehr-spelle.de\/cms\/?page_id=242"},"modified":"2025-04-08T09:18:53","modified_gmt":"2025-04-08T07:18:53","slug":"impressum","status":"publish","type":"page","link":"https:\/\/www.feuerwehr-spelle.de\/cms\/impressum\/","title":{"rendered":"Impressum"},"content":{"rendered":"<p>Dies ist die offizielle Homepage der Freiwilligen Feuerwehr Spelle<\/p>\n<p>E-Mail: Webmaster@Feuerwehr-Spelle.de<\/p>\n<p>Adresse:<br \/>\nFeuerwehr Spelle<br \/>\nSchapener Str. 17<br \/>\n48480 Spelle<br \/>\n&#8212;&#8212;&#8212;&#8212;&#8212;&#8212;&#8212;&#8212;&#8212;&#8212;&#8212;&#8212;&#8212;&#8212;&#8212;&#8212;&#8212;&#8212;&#8212;&#8212;&#8212;&#8212;&#8212;&#8212;&#8212;&#8212;&#8211;<br \/>\nDiese Seiten sind urheberrechtlich gesch\u00fctzt und Eigentum des Webmasters. Alle Rechte vorbehalten. Wie behalten uns das Recht vor, die auf diesen Internetseiten enthaltenen Informationen jederzeit ohne vorherige Ank\u00fcndigung zu \u00e4ndern.<\/p>\n<p>Wir \u00fcbernehmen keinerlei Gew\u00e4hr f\u00fcr die Richtigkeit, die Vollst\u00e4ndigkeit oder die Eignung f\u00fcr bestimmte Verwendungszwecke der auf der entsprechenden Internetseite auf diser Homepage enthaltenen Daten und Informationen.<\/p>\n<p>Die Wiedergabe von Gebrauchsnamen, Handelsnahmen, Warenbezeichnungen usw. auf diesen Internetseiten berechtigt auch ohne besondere Kennzeichnung nicht zu der Annahme, dass solche Namen im Sinne der Warenzeichen- und Markenschutzgesetzgebung als frei zu betrachten w\u00e4ren und daher von jedermann benutzt werden d\u00fcrfen; sie sind meist auch eingetragene Marken und unterliegen als solche den gesetzlichen Bestimmungen.<\/p>\n<p>Die Inhalte und Formulierungen von Eintr\u00e4gen im G\u00e4stebuch werden ausschlie\u00dflich vom jeweiligen Verfasser verantwortet. Wir behalten uns vor, Eintr\u00e4ge mit rechtswidrigem und\/oder beleidigendem Inhalt jederzeit ohne Angabe von Gr\u00fcnden zu l\u00f6schen.<\/p>\n<p>Wir distanzieren uns ausdr\u00fccklich von allen gelinkten Seiten. Das gilt f\u00fcr alle Links und f\u00fcr deren Inhalte.<\/p>\n<p>Alle ver\u00f6ffentlichten Fotos und Bilder unterliegen dem Copyright und sind Eigentum der Autoren!<\/p>\n","protected":false},"excerpt":{"rendered":"<p>Dies ist die offizielle Homepage der Freiwilligen Feuerwehr Spelle E-Mail: Webmaster@Feuerwehr-Spelle.de Adresse: Feuerwehr Spelle Schapener Str. 17 48480 Spelle &#8212;&#8212;&#8212;&#8212;&#8212;&#8212;&#8212;&#8212;&#8212;&#8212;&#8212;&#8212;&#8212;&#8212;&#8212;&#8212;&#8212;&#8212;&#8212;&#8212;&#8212;&#8212;&#8212;&#8212;&#8212;&#8212;&#8211; Diese Seiten sind urheberrechtlich<\/p>\n","protected":false},"author":87,"featured_media":115,"parent":0,"menu_order":0,"comment_status":"closed","ping_status":"closed","template":"","meta":{"footnotes":""},"class_list":["post-242","page","type-page","status-publish","has-post-thumbnail","hentry"],"_links":{"self":[{"href":"https:\/\/www.feuerwehr-spelle.de\/cms\/wp-json\/wp\/v2\/pages\/242","targetHints":{"allow":["GET"]}}],"collection":[{"href":"https:\/\/www.feuerwehr-spelle.de\/cms\/wp-json\/wp\/v2\/pages"}],"about":[{"href":"https:\/\/www.feuerwehr-spelle.de\/cms\/wp-json\/wp\/v2\/types\/page"}],"author":[{"embeddable":true,"href":"https:\/\/www.feuerwehr-spelle.de\/cms\/wp-json\/wp\/v2\/users\/87"}],"replies":[{"embeddable":true,"href":"https:\/\/www.feuerwehr-spelle.de\/cms\/wp-json\/wp\/v2\/comments?post=242"}],"version-history":[{"count":4,"href":"https:\/\/www.feuerwehr-spelle.de\/cms\/wp-json\/wp\/v2\/pages\/242\/revisions"}],"predecessor-version":[{"id":744,"href":"https:\/\/www.feuerwehr-spelle.de\/cms\/wp-json\/wp\/v2\/pages\/242\/revisions\/744"}],"wp:featuredmedia":[{"embeddable":true,"href":"https:\/\/www.feuerwehr-spelle.de\/cms\/wp-json\/wp\/v2\/media\/115"}],"wp:attachment":[{"href":"https:\/\/www.feuerwehr-spelle.de\/cms\/wp-json\/wp\/v2\/media?parent=242"}],"curies":[{"name":"wp","href":"https:\/\/api.w.org\/{rel}","templated":true}]}}