{"id":227,"date":"2019-04-15T20:38:23","date_gmt":"2019-04-15T18:38:23","guid":{"rendered":"http:\/\/www.feuerwehr-spelle.de\/cms\/?page_id=227"},"modified":"2019-07-15T12:40:12","modified_gmt":"2019-07-15T10:40:12","slug":"musikzug","status":"publish","type":"page","link":"https:\/\/www.feuerwehr-spelle.de\/cms\/abteilungen\/musikzug\/","title":{"rendered":"Musikzug"},"content":{"rendered":"<p>Link zur offiziellen Homepage des Musikzuges der Freiwilligen Feuerwehr Spelle: <a href=\"http:\/\/www.musikzug-spelle.de\/\">http:\/\/www.musikzug-spelle.de\/<\/a><\/p>\n<p>Der Musikzug der Freiwilligen Feuerwehr Spelle-Venhaus wurde im Jahre 1898 in Spelle gegr\u00fcndet. Bereits 1905 \u00fcbernahm die Kapelle erste \u00f6ffentliche Auftritte, bei denen Lieder der Unterhaltungsmusik gespielt wurden. Die musikalische Leitung oblag zu dieser Zeit Hermann B\u00fcltel aus Spelle. Auch leichte Tanzmusik wurde einge\u00fcbt, sodass die Kapelle auch auf\u00a0 Hochzeiten und anderen Festlichkeiten auftreten konnte.<\/p>\n<p>Im Jahre 1914, mit Ausbruch des Ersten Weltkrieges, stellte die Kapelle ihre Aktivit\u00e4ten ein, da mehrere Mitglieder zum Kriegsdienst eingezogen wurden. Nach dem Krieg ging es unter der Leitung von Gerhard B\u00fcltel aus Venhaus mit neuem Mut ans Werk. Weitere junge Leute schlossen sich an: Hermann Rauen, Hermann L\u00fcttmann, Franz Theil, Heinrich Wehkamp, Hermann Felix sowie Hermann Schoo. Ab 1930 \u00fcbernahm Josef B\u00fcltel aus Spelle den Dirigentenstab. Gerhard Schulte, Hubert Wolters, Hermann Fleege und Gregor Reker traten ein und geprobt wurde privat bei Rauen, B\u00fcltel oder Stappers.<\/p>\n<p>W\u00e4hrend des Zweiten Weltkrieges nahmen Proben und musikalische Auftritte ab. Erst nach dem Krieg konnten die \u00dcbungen wieder regelm\u00e4\u00dfig durchgef\u00fchrt werden. Eine Zusammenarbeit mit der Musikkapelle der KAB Rheine begann. Josef B\u00fcltel, Alfons B\u00fcltel (immer noch aktiv), August L\u00f6rakker, Hermann Striet, Georg\u00a0 Heinrich, Hermann Roling (sp\u00e4ter 1. Vorsitzender), Theo Greve, Adolf Greve und Rudolf Br\u00fcggemann wurden aufgenommen.<\/p>\n<p>Erste Ausfl\u00fcge unternahm die Kapelle, dank des damaligen 1. Vorsitzenden Aloys L\u00fcnnemann, ab 1984. Ausflugsziele waren u.a.: Balve, Unkel, Erpel, Berlin, Heilbad Heiligenstadt und Bad M\u00fcnstereifel. Im Jahre 1985 traf sich die Feuerwehrkapelle zum ersten Mal mit der Kolpingkapelle Freren. Eine Freundschaft entsteht, die bis heute anh\u00e4lt und mit einer j\u00e4hrlichen Probe aufrechterhalten wird.<\/p>\n<p>Hauptziel des Musikzuges ist das gemeinschaftliche Musizieren sowie die Kameradschaftspflege zwischen Jung und Alt. Geprobt wird freitagabends im Feuerwehrmusikhaus am W\u00f6hlehof unter der Leitung von Reinhold Thale. Die musikalische Bandbreite des Musikzuges umfasst St\u00fccke aus den Bereichen traditioneller Marschmusik, volkst\u00fcmlicher Musik, Kirchenchor\u00e4len, Rock- und Popmusik sowie Musicalmusik. Neben dem Hauptorchester gibt es ein Nachwuchsorchester f\u00fcr Anf\u00e4nger, die Presto-Gang unter der Leitung von Elke Evers.<\/p>\n<p>\u201eEin Leben ohne Musik ist wie ein Leben ohne Sonne\u201c, unter diesem Motto finden j\u00e4hrlich zahlreiche Proben und Auftritte statt. Der Jahresbeginn steht ganz im Zeichen der Kameradschaft mit dem traditionellen Treffen der Feuerwehren Beesten und Spelle mit musikalischer Untermalung des Musikzuges. Die Jahreshauptversammlungen der Feuerwehren Spelle und Venhaus im M\u00e4rz sowie die Generalversammlung des Sch\u00fctzenvereins St. Johannes Spelle werden jedes Jahr vom Feuerwehrmusikzug musikalisch aufgelockert. Der Feuerwehrmusikzug begleitet zudem in den Sommermonaten die jeweils zweit\u00e4gigen Sch\u00fctzenfeste in Spelle, Venhaus, Beesten und Wietmarschen. Beendet wird die Sch\u00fctzenfestsaison mit dem Anbringen der Scheibe an den jeweiligen K\u00f6nigsh\u00e4usern in Spelle und Venhaus unter musikalischer Begleitung im Sp\u00e4tsommer.<\/p>\n<p>Um auf die vielz\u00e4hligen Auftritte und Konzerte vorbereitet zu sein, werden im Jahr ca. 32 Probeabende abgehalten. Des Weiteren findet alle zwei bis drei Jahre ein Wochenendausflug mit allen Mitgliedern statt. Auf diesen Fahrten, auf denen beispielsweise Wein- oder Sch\u00fctzenfeste besucht und musikalisch begleitet werden, wird vor allem der Zusammenhalt der gesamten Kapelle, egal ob Jung oder Alt, gest\u00e4rkt. Auch Probenwochenenden, wie beispielsweise in der Speller Partnergemeinde Markelo (Niederlande), am Alfsee oder in Bad\u00a0 Bentheim, stehen gelegentlich auf dem Programm. Neben der Begleitung der Umz\u00fcge am Volkstrauertag stehen im November die Martinsumz\u00fcge in Bevergern, Spelle und Venhaus sowie die Generalversammlung des Feuerwehrmusikzuges an. Abschlie\u00dfend findet im Dezember die Weihnachtsfeier mit festlicher Weihnachtsmusik der Presto-Gang statt.<\/p>\n<p><img loading=\"lazy\" decoding=\"async\" class=\"alignnone wp-image-373\" src=\"https:\/\/www.feuerwehr-spelle.de\/cms\/wp-content\/uploads\/2019\/05\/Kapelle-1.-300x216.jpg\" alt=\"\" width=\"766\" height=\"551\" srcset=\"https:\/\/www.feuerwehr-spelle.de\/cms\/wp-content\/uploads\/2019\/05\/Kapelle-1.-300x216.jpg 300w, https:\/\/www.feuerwehr-spelle.de\/cms\/wp-content\/uploads\/2019\/05\/Kapelle-1.-768x553.jpg 768w, https:\/\/www.feuerwehr-spelle.de\/cms\/wp-content\/uploads\/2019\/05\/Kapelle-1.-1024x737.jpg 1024w\" sizes=\"auto, (max-width: 766px) 100vw, 766px\" \/><\/p>\n<p>1. Reihe v.l.n.r:Reinhold Thale, Katharina S\u00e4ndker, Miriam Bergmann, Maren Kock, Katharina Kohle, Mike Wilde, Nils Middelhoff, Ludger Preun, Matthias Roling, Lena Schindler, Katja Br\u00f6cker, Sandra Thien, Werner Evers<\/p>\n<p>2. Reihe v.l.n.r:Rieke Kampen, Sophia Kampel, Maike Hermes, Jasmin Kruse, Luisa Wesenberg, Magdalena Evers, Anna Evers, Maria Evers, Elke Evers, Mirjam Egbers<\/p>\n<p>3. Reihe v.l.n.r:Klaus Scheepers, Theresa Volbers, Jan Knieper, Dennis P\u00f6ppe, Tim Schulte, Franz Heeke, Leon Sander, Simone Brink, Robert Drees, Silke Sch\u00fctte, Ole Felix, Meike Br\u00fcggemann, Linda Drees, Christiane H\u00fcsing, Niklas Imming, Alfons B\u00fcltel<\/p>\n<p>4. Reihe v.l.n.r:Sara Klejdzinski, Andreas B\u00fcltel, Fabian Weever, Janice Sander, Claudia von der Haar-Niehues, Thomas J\u00f6rgens, Josef Sander, Lukas Thale, Maik Sander, Nicole Wilde, Christof Sch\u00fctte, G\u00fcnter Brink<\/p>\n<p>5. Reihe v.l.n.r:Karl-Heinz Sander, Tobias Bembom, Michael Spieker, Andre Senker, August L\u00fcnnemann, Hermann Bembom, Johanes Evers, Jannik Sander, Reinhold Kruse<\/p>\n<p>&nbsp;<\/p>\n","protected":false},"excerpt":{"rendered":"<p>Link zur offiziellen Homepage des Musikzuges der Freiwilligen Feuerwehr Spelle: http:\/\/www.musikzug-spelle.de\/ Der Musikzug der Freiwilligen Feuerwehr Spelle-Venhaus wurde im Jahre 1898 in Spelle gegr\u00fcndet.<\/p>\n","protected":false},"author":87,"featured_media":115,"parent":224,"menu_order":0,"comment_status":"closed","ping_status":"closed","template":"","meta":{"footnotes":""},"class_list":["post-227","page","type-page","status-publish","has-post-thumbnail","hentry"],"_links":{"self":[{"href":"https:\/\/www.feuerwehr-spelle.de\/cms\/wp-json\/wp\/v2\/pages\/227","targetHints":{"allow":["GET"]}}],"collection":[{"href":"https:\/\/www.feuerwehr-spelle.de\/cms\/wp-json\/wp\/v2\/pages"}],"about":[{"href":"https:\/\/www.feuerwehr-spelle.de\/cms\/wp-json\/wp\/v2\/types\/page"}],"author":[{"embeddable":true,"href":"https:\/\/www.feuerwehr-spelle.de\/cms\/wp-json\/wp\/v2\/users\/87"}],"replies":[{"embeddable":true,"href":"https:\/\/www.feuerwehr-spelle.de\/cms\/wp-json\/wp\/v2\/comments?post=227"}],"version-history":[{"count":6,"href":"https:\/\/www.feuerwehr-spelle.de\/cms\/wp-json\/wp\/v2\/pages\/227\/revisions"}],"predecessor-version":[{"id":391,"href":"https:\/\/www.feuerwehr-spelle.de\/cms\/wp-json\/wp\/v2\/pages\/227\/revisions\/391"}],"up":[{"embeddable":true,"href":"https:\/\/www.feuerwehr-spelle.de\/cms\/wp-json\/wp\/v2\/pages\/224"}],"wp:featuredmedia":[{"embeddable":true,"href":"https:\/\/www.feuerwehr-spelle.de\/cms\/wp-json\/wp\/v2\/media\/115"}],"wp:attachment":[{"href":"https:\/\/www.feuerwehr-spelle.de\/cms\/wp-json\/wp\/v2\/media?parent=227"}],"curies":[{"name":"wp","href":"https:\/\/api.w.org\/{rel}","templated":true}]}}

<p>Link zur offiziellen Homepage des Musikzuges der Freiwilligen Feuerwehr Spelle: <a href="http://www.musikzug-spelle.de/">http://www.musikzug-spelle.de/</a></p>
<p>Der Musikzug der Freiwilligen Feuerwehr Spelle-Venhaus wurde im Jahre 1898 in Spelle gegründet. Bereits 1905 übernahm die Kapelle erste öffentliche Auftritte, bei denen Lieder der Unterhaltungsmusik gespielt wurden. Die musikalische Leitung oblag zu dieser Zeit Hermann Bültel aus Spelle. Auch leichte Tanzmusik wurde eingeübt, sodass die Kapelle auch auf  Hochzeiten und anderen Festlichkeiten auftreten konnte.</p>
<p>Im Jahre 1914, mit Ausbruch des Ersten Weltkrieges, stellte die Kapelle ihre Aktivitäten ein, da mehrere Mitglieder zum Kriegsdienst eingezogen wurden. Nach dem Krieg ging es unter der Leitung von Gerhard Bültel aus Venhaus mit neuem Mut ans Werk. Weitere junge Leute schlossen sich an: Hermann Rauen, Hermann Lüttmann, Franz Theil, Heinrich Wehkamp, Hermann Felix sowie Hermann Schoo. Ab 1930 übernahm Josef Bültel aus Spelle den Dirigentenstab. Gerhard Schulte, Hubert Wolters, Hermann Fleege und Gregor Reker traten ein und geprobt wurde privat bei Rauen, Bültel oder Stappers.</p>
<p>Während des Zweiten Weltkrieges nahmen Proben und musikalische Auftritte ab. Erst nach dem Krieg konnten die Übungen wieder regelmäßig durchgeführt werden. Eine Zusammenarbeit mit der Musikkapelle der KAB Rheine begann. Josef Bültel, Alfons Bültel (immer noch aktiv), August Lörakker, Hermann Striet, Georg  Heinrich, Hermann Roling (später 1. Vorsitzender), Theo Greve, Adolf Greve und Rudolf Brüggemann wurden aufgenommen.</p>
<p>Erste Ausflüge unternahm die Kapelle, dank des damaligen 1. Vorsitzenden Aloys Lünnemann, ab 1984. Ausflugsziele waren u.a.: Balve, Unkel, Erpel, Berlin, Heilbad Heiligenstadt und Bad Münstereifel. Im Jahre 1985 traf sich die Feuerwehrkapelle zum ersten Mal mit der Kolpingkapelle Freren. Eine Freundschaft entsteht, die bis heute anhält und mit einer jährlichen Probe aufrechterhalten wird.</p>
<p>Hauptziel des Musikzuges ist das gemeinschaftliche Musizieren sowie die Kameradschaftspflege zwischen Jung und Alt. Geprobt wird freitagabends im Feuerwehrmusikhaus am Wöhlehof unter der Leitung von Reinhold Thale. Die musikalische Bandbreite des Musikzuges umfasst Stücke aus den Bereichen traditioneller Marschmusik, volkstümlicher Musik, Kirchenchorälen, Rock- und Popmusik sowie Musicalmusik. Neben dem Hauptorchester gibt es ein Nachwuchsorchester für Anfänger, die Presto-Gang unter der Leitung von Elke Evers.</p>
<p>„Ein Leben ohne Musik ist wie ein Leben ohne Sonne“, unter diesem Motto finden jährlich zahlreiche Proben und Auftritte statt. Der Jahresbeginn steht ganz im Zeichen der Kameradschaft mit dem traditionellen Treffen der Feuerwehren Beesten und Spelle mit musikalischer Untermalung des Musikzuges. Die Jahreshauptversammlungen der Feuerwehren Spelle und Venhaus im März sowie die Generalversammlung des Schützenvereins St. Johannes Spelle werden jedes Jahr vom Feuerwehrmusikzug musikalisch aufgelockert. Der Feuerwehrmusikzug begleitet zudem in den Sommermonaten die jeweils zweitägigen Schützenfeste in Spelle, Venhaus, Beesten und Wietmarschen. Beendet wird die Schützenfestsaison mit dem Anbringen der Scheibe an den jeweiligen Königshäusern in Spelle und Venhaus unter musikalischer Begleitung im Spätsommer.</p>
<p>Um auf die vielzähligen Auftritte und Konzerte vorbereitet zu sein, werden im Jahr ca. 32 Probeabende abgehalten. Des Weiteren findet alle zwei bis drei Jahre ein Wochenendausflug mit allen Mitgliedern statt. Auf diesen Fahrten, auf denen beispielsweise Wein- oder Schützenfeste besucht und musikalisch begleitet werden, wird vor allem der Zusammenhalt der gesamten Kapelle, egal ob Jung oder Alt, gestärkt. Auch Probenwochenenden, wie beispielsweise in der Speller Partnergemeinde Markelo (Niederlande), am Alfsee oder in Bad  Bentheim, stehen gelegentlich auf dem Programm. Neben der Begleitung der Umzüge am Volkstrauertag stehen im November die Martinsumzüge in Bevergern, Spelle und Venhaus sowie die Generalversammlung des Feuerwehrmusikzuges an. Abschließend findet im Dezember die Weihnachtsfeier mit festlicher Weihnachtsmusik der Presto-Gang statt.</p>
<p><img loading="lazy" decoding="async" class="alignnone wp-image-373" src="https://www.feuerwehr-spelle.de/cms/wp-content/uploads/2019/05/Kapelle-1.-300x216.jpg" alt="" width="766" height="551" srcset="https://www.feuerwehr-spelle.de/cms/wp-content/uploads/2019/05/Kapelle-1.-300x216.jpg 300w, https://www.feuerwehr-spelle.de/cms/wp-content/uploads/2019/05/Kapelle-1.-768x553.jpg 768w, https://www.feuerwehr-spelle.de/cms/wp-content/uploads/2019/05/Kapelle-1.-1024x737.jpg 1024w" sizes="auto, (max-width: 766px) 100vw, 766px" /></p>
<p>1. Reihe v.l.n.r:Reinhold Thale, Katharina Sändker, Miriam Bergmann, Maren Kock, Katharina Kohle, Mike Wilde, Nils Middelhoff, Ludger Preun, Matthias Roling, Lena Schindler, Katja Bröcker, Sandra Thien, Werner Evers</p>
<p>2. Reihe v.l.n.r:Rieke Kampen, Sophia Kampel, Maike Hermes, Jasmin Kruse, Luisa Wesenberg, Magdalena Evers, Anna Evers, Maria Evers, Elke Evers, Mirjam Egbers</p>
<p>3. Reihe v.l.n.r:Klaus Scheepers, Theresa Volbers, Jan Knieper, Dennis Pöppe, Tim Schulte, Franz Heeke, Leon Sander, Simone Brink, Robert Drees, Silke Schütte, Ole Felix, Meike Brüggemann, Linda Drees, Christiane Hüsing, Niklas Imming, Alfons Bültel</p>
<p>4. Reihe v.l.n.r:Sara Klejdzinski, Andreas Bültel, Fabian Weever, Janice Sander, Claudia von der Haar-Niehues, Thomas Jörgens, Josef Sander, Lukas Thale, Maik Sander, Nicole Wilde, Christof Schütte, Günter Brink</p>
<p>5. Reihe v.l.n.r:Karl-Heinz Sander, Tobias Bembom, Michael Spieker, Andre Senker, August Lünnemann, Hermann Bembom, Johanes Evers, Jannik Sander, Reinhold Kruse</p>
<p>&nbsp;</p>

<p>Link zur offiziellen Homepage des Musikzuges der Freiwilligen Feuerwehr Spelle: http://www.musikzug-spelle.de/ Der Musikzug der Freiwilligen Feuerwehr Spelle-Venhaus wurde im Jahre 1898 in Spelle gegründet.</p>
