{"id":220,"date":"2019-04-15T20:35:41","date_gmt":"2019-04-15T18:35:41","guid":{"rendered":"http:\/\/www.feuerwehr-spelle.de\/cms\/?page_id=220"},"modified":"2025-04-01T10:52:21","modified_gmt":"2025-04-01T08:52:21","slug":"mitglied-werden","status":"publish","type":"page","link":"https:\/\/www.feuerwehr-spelle.de\/cms\/mitglied-werden\/","title":{"rendered":"Mitglied werden"},"content":{"rendered":"<p>Du suchst ein besonderes Hobby? Eine neue Herausforderung?<\/p>\n<p>Dein Platz ist Frei! Komm zur Freiwilligen Feuerwehr Spelle!<\/p>\n<p><img loading=\"lazy\" decoding=\"async\" class=\"size-medium wp-image-682 alignleft\" src=\"https:\/\/www.feuerwehr-spelle.de\/cms\/wp-content\/uploads\/2025\/04\/20250317_144105-220x300.jpg\" alt=\"\" width=\"220\" height=\"300\" srcset=\"https:\/\/www.feuerwehr-spelle.de\/cms\/wp-content\/uploads\/2025\/04\/20250317_144105-220x300.jpg 220w, https:\/\/www.feuerwehr-spelle.de\/cms\/wp-content\/uploads\/2025\/04\/20250317_144105-750x1024.jpg 750w, https:\/\/www.feuerwehr-spelle.de\/cms\/wp-content\/uploads\/2025\/04\/20250317_144105-768x1049.jpg 768w, https:\/\/www.feuerwehr-spelle.de\/cms\/wp-content\/uploads\/2025\/04\/20250317_144105-1125x1536.jpg 1125w, https:\/\/www.feuerwehr-spelle.de\/cms\/wp-content\/uploads\/2025\/04\/20250317_144105-1499x2048.jpg 1499w, https:\/\/www.feuerwehr-spelle.de\/cms\/wp-content\/uploads\/2025\/04\/20250317_144105-scaled.jpg 1874w\" sizes=\"auto, (max-width: 220px) 100vw, 220px\" \/><\/p>\n<p>Die Freiwillige Feuerwehr Spelle steht seit vielen Jahren erfolgreich an der Seite der B\u00fcrgerinnen und B\u00fcrger und sorgt f\u00fcr deren Sicherheit.<br \/>\nDie aktuell ca. 70 Kammeraden in der Einsatzabteilung der Feuerwehr Spelle engagieren sich, u.a. bei Br\u00e4nden, Unwetter, Verkehrsunf\u00e4llen und sonstigen Hilfeleistungen, an 365 Tagen rund um die Uhr f\u00fcr das Allgemeinwohl.<br \/>\nBezogen auf die aktuelle Einwohnerzahl von knapp 10000 B\u00fcrgerinnen und B\u00fcrgern stehen daf\u00fcr jedoch rein rechnerisch derzeit nicht einmal 1 % der Einwohner zur Verf\u00fcgung.<br \/>\nSomit suchen wir Frauen und M\u00e4nner, die k\u00f6rperlich und geistig fit sind und die sich f\u00fcr das Gemeinwohl engagieren wollen. Wir arbeiten mit vielseitiger Technik, wir bieten Fort- und Weiterbildungsm\u00f6glichkeiten und wir pflegen den kameradschaftlichen Umgang in der Gemeinschaft.<\/p>\n<p>&nbsp;<\/p>\n<p>Bist Du an einer Mitarbeit in der Freiwilligen Feuerwehr Spelle interessiert? Sprich uns hier \u00fcber den <a href=\"https:\/\/www.feuerwehr-spelle.de\/cms\/kontakt\/\">Kontaktbutton<\/a> an, oder besuche uns montags ab 19:00 Uhr am Feuerwehrhaus. Wir w\u00fcrden uns freuen.<\/p>\n","protected":false},"excerpt":{"rendered":"<p>Du suchst ein besonderes Hobby? Eine neue Herausforderung? Dein Platz ist Frei! Komm zur Freiwilligen Feuerwehr Spelle! Die Freiwillige Feuerwehr Spelle steht seit vielen<\/p>\n","protected":false},"author":87,"featured_media":0,"parent":0,"menu_order":0,"comment_status":"closed","ping_status":"closed","template":"","meta":{"footnotes":""},"class_list":["post-220","page","type-page","status-publish","hentry"],"_links":{"self":[{"href":"https:\/\/www.feuerwehr-spelle.de\/cms\/wp-json\/wp\/v2\/pages\/220","targetHints":{"allow":["GET"]}}],"collection":[{"href":"https:\/\/www.feuerwehr-spelle.de\/cms\/wp-json\/wp\/v2\/pages"}],"about":[{"href":"https:\/\/www.feuerwehr-spelle.de\/cms\/wp-json\/wp\/v2\/types\/page"}],"author":[{"embeddable":true,"href":"https:\/\/www.feuerwehr-spelle.de\/cms\/wp-json\/wp\/v2\/users\/87"}],"replies":[{"embeddable":true,"href":"https:\/\/www.feuerwehr-spelle.de\/cms\/wp-json\/wp\/v2\/comments?post=220"}],"version-history":[{"count":8,"href":"https:\/\/www.feuerwehr-spelle.de\/cms\/wp-json\/wp\/v2\/pages\/220\/revisions"}],"predecessor-version":[{"id":684,"href":"https:\/\/www.feuerwehr-spelle.de\/cms\/wp-json\/wp\/v2\/pages\/220\/revisions\/684"}],"wp:attachment":[{"href":"https:\/\/www.feuerwehr-spelle.de\/cms\/wp-json\/wp\/v2\/media?parent=220"}],"curies":[{"name":"wp","href":"https:\/\/api.w.org\/{rel}","templated":true}]}}