{"id":203,"date":"2019-04-15T20:25:42","date_gmt":"2019-04-15T18:25:42","guid":{"rendered":"http:\/\/www.feuerwehr-spelle.de\/cms\/?page_id=203"},"modified":"2025-04-08T09:13:19","modified_gmt":"2025-04-08T07:13:19","slug":"vorbeugender-brandschutz","status":"publish","type":"page","link":"https:\/\/www.feuerwehr-spelle.de\/cms\/wissenswertes\/vorbeugender-brandschutz\/","title":{"rendered":"Vorbeugender Brandschutz"},"content":{"rendered":"<h1><\/h1>\n<h1>Boah, das knallt ja voll!!<\/h1>\n<p>Immer wieder war der erstaunte Ausruf der Sch\u00fclerinnen und Sch\u00fcler des 6. Jahrgangs der OBS Spelle zuh\u00f6ren, als unser Brandschutzerzieher Markus Roelfes ihnen demonstrierte, welche verheerenden Auswirkungen eine Staubexplosion haben kann oder warum man beim Geruch von faulen Eiern auf keinen Fall einen Lichtschalter oder gar den Ladestecker des Handys ziehen darf. Dies wurde den 11- bis 13-J\u00e4hrigen in\u00a0jeweils einer Doppelstunde anschaulich vermittelt.<\/p>\n<p><img loading=\"lazy\" decoding=\"async\" class=\"size-medium wp-image-727 alignright\" src=\"https:\/\/www.feuerwehr-spelle.de\/cms\/wp-content\/uploads\/2025\/04\/Screenshot-2025-04-08-090407-300x193.png\" alt=\"\" width=\"300\" height=\"193\" srcset=\"https:\/\/www.feuerwehr-spelle.de\/cms\/wp-content\/uploads\/2025\/04\/Screenshot-2025-04-08-090407-300x193.png 300w, https:\/\/www.feuerwehr-spelle.de\/cms\/wp-content\/uploads\/2025\/04\/Screenshot-2025-04-08-090407-1024x659.png 1024w, https:\/\/www.feuerwehr-spelle.de\/cms\/wp-content\/uploads\/2025\/04\/Screenshot-2025-04-08-090407-768x494.png 768w, https:\/\/www.feuerwehr-spelle.de\/cms\/wp-content\/uploads\/2025\/04\/Screenshot-2025-04-08-090407-115x73.png 115w, https:\/\/www.feuerwehr-spelle.de\/cms\/wp-content\/uploads\/2025\/04\/Screenshot-2025-04-08-090407.png 1196w\" sizes=\"auto, (max-width: 300px) 100vw, 300px\" \/><\/p>\n<p>Aber alles der Reihe nach.<br \/>\nAlle sechs Klassen des 6. Jahrgangs der OBS Spelle wurden von Markus f\u00fcr jeweils eine Doppelstunde im Chemieraum begr\u00fc\u00dft. Nach einer kurzen Vorstellung unserer Wehr mit ihren vier Abteilungen, wurde das Programm der Doppelstunde vorgestellt. Dieses ist in enger Abstimmung mit dem Lehrplan der OBS abgestimmt und wurde von unserem Brandschutzerziehungsteam Markus Roelfes und Simon Stappers ausgearbeitet.<\/p>\n<p>So geht es von den Voraussetzungen einer Verbrennung mit kleinen Experimenten, die die drei Voraussetzungen jeweils beweisen, \u00fcber die Besonderheiten brennbarer Stoffe wie Diesel, Benzin oder Holz bis hin zur richtigen Auswahl der L\u00f6schmittel. Eindrucksvoll wird dies am Beispiel eines Benzinbrandes demonstriert.<br \/>\nDen<img loading=\"lazy\" decoding=\"async\" class=\"size-medium wp-image-728 alignleft\" src=\"https:\/\/www.feuerwehr-spelle.de\/cms\/wp-content\/uploads\/2025\/04\/Screenshot-2025-04-08-090440-197x300.png\" alt=\"\" width=\"197\" height=\"300\" srcset=\"https:\/\/www.feuerwehr-spelle.de\/cms\/wp-content\/uploads\/2025\/04\/Screenshot-2025-04-08-090440-197x300.png 197w, https:\/\/www.feuerwehr-spelle.de\/cms\/wp-content\/uploads\/2025\/04\/Screenshot-2025-04-08-090440.png 660w\" sizes=\"auto, (max-width: 197px) 100vw, 197px\" \/>n hier hat Wasser \u00fcberhaupt keinen L\u00f6scheffekt, Pulver hat zwar eine gute L\u00f6schwirkung, aber keine nachhaltige. Erst Schaum bringt hier einen schnellen und nachhaltigen Erfolg, da dieser sich wie eine L\u00f6schdecke \u00fcber das Benzin legt. Eine Staubexplosion im eigens gebauten Simulationshaus (Hier ein gro\u00dfes Dankesch\u00f6n an unsere Alters- und<br \/>\nEhrenabteilung, die uns in solchen Dingen wunderbar unterst\u00fctzt!), eine Fettexplosion im kleinen Ma\u00dfstab und die brennende Hand, welche die erstaunliche Energie von Propangas darstellt waren die absoluten Highlights des 90-min\u00fctigen Unterrichts. Das Rauchmelder wirklich Leben retten k\u00f6nnen machte Markus anhand einiger Beispiele aus der Praxis deutlich.<\/p>\n<p>Viele Sch\u00fclerinnen und Sch\u00fcler haben Interesse an einer Mitgliedschaft in der Jugendfeuerwehr bekundet. Die Mitgliedschaft ist kostenlos und bringt viel Spa\u00df bei Aktivit\u00e4ten wie \u00dcbernachtungen, Zeltlagern, Freizeitparks, Besichtigungen von<br \/>\nBerufsfeuerwehren oder Betrieben und vielem mehr.<\/p>\n<h2><\/h2>\n<h2 style=\"text-align: center;\">RAUCHMELDER RETTEN LEBEN!!!<\/h2>\n<p><img loading=\"lazy\" decoding=\"async\" class=\"size-medium wp-image-731 aligncenter\" src=\"https:\/\/www.feuerwehr-spelle.de\/cms\/wp-content\/uploads\/2025\/04\/Screenshot-2025-04-08-090851-300x169.png\" alt=\"\" width=\"300\" height=\"169\" srcset=\"https:\/\/www.feuerwehr-spelle.de\/cms\/wp-content\/uploads\/2025\/04\/Screenshot-2025-04-08-090851-300x169.png 300w, https:\/\/www.feuerwehr-spelle.de\/cms\/wp-content\/uploads\/2025\/04\/Screenshot-2025-04-08-090851-1024x578.png 1024w, https:\/\/www.feuerwehr-spelle.de\/cms\/wp-content\/uploads\/2025\/04\/Screenshot-2025-04-08-090851-768x433.png 768w, https:\/\/www.feuerwehr-spelle.de\/cms\/wp-content\/uploads\/2025\/04\/Screenshot-2025-04-08-090851-1536x867.png 1536w, https:\/\/www.feuerwehr-spelle.de\/cms\/wp-content\/uploads\/2025\/04\/Screenshot-2025-04-08-090851-715x400.png 715w, https:\/\/www.feuerwehr-spelle.de\/cms\/wp-content\/uploads\/2025\/04\/Screenshot-2025-04-08-090851.png 1799w\" sizes=\"auto, (max-width: 300px) 100vw, 300px\" \/><\/p>\n<h4 style=\"text-align: center;\">An dieser Stelle m\u00f6chten wir Ihnen Tipps zur Anschaffung, richtigen Handhabung und Pflege der kleinen Lebensretter geben:<\/h4>\n<ul>\n<li style=\"text-align: left;\">Rauchmelder sind nicht teuer! Mehr als 5 &#8211; 10 \u20ac m\u00fcssen Sie beim besten Willen<br \/>\nnicht ausgeben. Achten Sie auf das CE-Zeichen!<\/li>\n<li style=\"text-align: left;\">Rauchmelder sind nur in Schlafzimmern und Fluren vorgeschrieben. Optimalen<br \/>\nSchutz erreichen Sie, wenn Sie auch im Hauswirtschaftsraum (Waschmaschine,<br \/>\nTrockner) einen Rauchmelder installieren. &#8211; Bei Fragen wenden Sie sich gerne an<br \/>\nIhre Feuerwehr vor Ort!<\/li>\n<li style=\"text-align: left;\">Funktionstest! Das hei\u00dft, einmal im Monat den Ausl\u00f6seknopf gedr\u00fcckt halten, bis<br \/>\nein Alarmton ert\u00f6nt. Neben der Funktionssicherheit hat dies auch den Effekt, dass<br \/>\njedes Familienmitglied wei\u00df, wie sich ein Brandalarm anh\u00f6rt.<\/li>\n<li style=\"text-align: left;\">Reinigung! Nehmen Sie den Rauchmelder einmal im Monat aus der<br \/>\nDeckenhalterung und blasen Sie ihn vorsichtig durch die kleinen Luftschlitze aus<br \/>\noder saugen Sie ihn mit einem Staubsauger ab. So vermeiden Sie Fehlalarme. Die<br \/>\nSensoren verstauben mit der Zeit, und das f\u00fchrt zu unangenehmen Fehlalarmen &#8211;<br \/>\nwarum das vor allem nachts passiert, wei\u00df wahrscheinlich nur Murphy.<\/li>\n<li style=\"text-align: left;\">Wechseln Sie die Batterien regelm\u00e4\u00dfig. In der Gebrauchsanweisung Ihres<br \/>\nRauchmelders steht, in welchen Abst\u00e4nden dies empfohlen wird.<\/li>\n<\/ul>\n","protected":false},"excerpt":{"rendered":"<p>Boah, das knallt ja voll!! Immer wieder war der erstaunte Ausruf der Sch\u00fclerinnen und Sch\u00fcler des 6. Jahrgangs der OBS Spelle zuh\u00f6ren, als unser<\/p>\n","protected":false},"author":87,"featured_media":115,"parent":169,"menu_order":0,"comment_status":"closed","ping_status":"closed","template":"","meta":{"footnotes":""},"class_list":["post-203","page","type-page","status-publish","has-post-thumbnail","hentry"],"_links":{"self":[{"href":"https:\/\/www.feuerwehr-spelle.de\/cms\/wp-json\/wp\/v2\/pages\/203","targetHints":{"allow":["GET"]}}],"collection":[{"href":"https:\/\/www.feuerwehr-spelle.de\/cms\/wp-json\/wp\/v2\/pages"}],"about":[{"href":"https:\/\/www.feuerwehr-spelle.de\/cms\/wp-json\/wp\/v2\/types\/page"}],"author":[{"embeddable":true,"href":"https:\/\/www.feuerwehr-spelle.de\/cms\/wp-json\/wp\/v2\/users\/87"}],"replies":[{"embeddable":true,"href":"https:\/\/www.feuerwehr-spelle.de\/cms\/wp-json\/wp\/v2\/comments?post=203"}],"version-history":[{"count":14,"href":"https:\/\/www.feuerwehr-spelle.de\/cms\/wp-json\/wp\/v2\/pages\/203\/revisions"}],"predecessor-version":[{"id":739,"href":"https:\/\/www.feuerwehr-spelle.de\/cms\/wp-json\/wp\/v2\/pages\/203\/revisions\/739"}],"up":[{"embeddable":true,"href":"https:\/\/www.feuerwehr-spelle.de\/cms\/wp-json\/wp\/v2\/pages\/169"}],"wp:featuredmedia":[{"embeddable":true,"href":"https:\/\/www.feuerwehr-spelle.de\/cms\/wp-json\/wp\/v2\/media\/115"}],"wp:attachment":[{"href":"https:\/\/www.feuerwehr-spelle.de\/cms\/wp-json\/wp\/v2\/media?parent=203"}],"curies":[{"name":"wp","href":"https:\/\/api.w.org\/{rel}","templated":true}]}}