{"id":199,"date":"2019-04-15T20:24:30","date_gmt":"2019-04-15T18:24:30","guid":{"rendered":"http:\/\/www.feuerwehr-spelle.de\/cms\/?page_id=199"},"modified":"2025-04-01T11:02:53","modified_gmt":"2025-04-01T09:02:53","slug":"karriereleiter","status":"publish","type":"page","link":"https:\/\/www.feuerwehr-spelle.de\/cms\/wissenswertes\/karriereleiter\/","title":{"rendered":"Karriereleiter"},"content":{"rendered":"<h2>Der Weg zum ausgebildeten Freiwilligen Feuerwehrmann in Spelle<\/h2>\n<p>Wie kommt man eigentlich zur Feuerwehr und welche Ausbildung ist erforderlich, bis man ein einsatzf\u00e4higer Freiwilliger Feuerwehrmann ist? Die Antwort ist so vielf\u00e4ltig wie die Frage selber. Die Ausbildung bei der Feuerwehr ist L\u00e4ndersache und somit von Bundesland zu Bundesland unterschiedlich. F\u00fcr das Bundesland Niedersachsen sieht der Weg zum Freiwilligen Feuerwehrmann wie folgt aus:<\/p>\n<figure id=\"attachment_505\" aria-describedby=\"caption-attachment-505\" style=\"width: 288px\" class=\"wp-caption alignright\"><a href=\"https:\/\/www.feuerwehr-spelle.de\/cms\/wp-content\/uploads\/2019\/08\/Karriereleiter.png\"><img loading=\"lazy\" decoding=\"async\" class=\"wp-image-505 \" src=\"https:\/\/www.feuerwehr-spelle.de\/cms\/wp-content\/uploads\/2019\/08\/Karriereleiter-243x300.png\" alt=\"\" width=\"288\" height=\"355\" srcset=\"https:\/\/www.feuerwehr-spelle.de\/cms\/wp-content\/uploads\/2019\/08\/Karriereleiter-243x300.png 243w, https:\/\/www.feuerwehr-spelle.de\/cms\/wp-content\/uploads\/2019\/08\/Karriereleiter.png 684w\" sizes=\"auto, (max-width: 288px) 100vw, 288px\" \/><\/a><figcaption id=\"caption-attachment-505\" class=\"wp-caption-text\">Klicken um zu vergr\u00f6\u00dfern<\/figcaption><\/figure>\n<p>Interessiert man sich bereits in jungen Jahren f\u00fcr die Feuerwehr, so besteht in Spelle im Alter ab 12 Jahren die M\u00f6glichkeit, der Jugendfeuerwehr beizutreten. Hier k\u00f6nnen bereits erste Erfahrungen und Eindr\u00fccke der entsprechenden Ortsfeuerwehr gesammelt werden. Mit 17 Jahren haben die Mitglieder der Jugendfeuerwehr die M\u00f6glichkeit, in die Einsatzabteilung zu wechseln und am Ausbildungsdienst teilzunehmen. Wer erst sp\u00e4ter sein Interesse an der Feuerwehr entdeckt, der kann ebenfalls im Alter von 17 Jahren der Feuerwehr beitreten. Egal, ob man vorher Mitglied der Jugendfeuerwehr war oder als Neueinsteiger in die Einsatzabteilung eintritt. Ab hier gilt der f\u00fcr Niedersachen einheitlich festgelegte Werdegang zum Feuerwehrmann:<\/p>\n<p>Mit dem Dienstgrad des Feuerwehrmannanw\u00e4rters ist ein Probejahr zu absolvieren, in dem die 70-st\u00fcndige Truppmannausbildung auf Kreisebene enthalten ist. Hier werden grundlegende feuerwehrtechnische Handgriffe, Verhaltensweisen sowie Rechte und Pflichten gelehrt. Hat sich der Anw\u00e4rter in dem Probejahr bew\u00e4hrt und die Truppmannausbildung bestanden, so folgt die Bef\u00f6rderung zum Feuerwehrmann. Ist der Dienstgrad des Feuerwehrmannes sowie die Vollj\u00e4hrigkeit erreicht, besteht die M\u00f6glichkeit, an Eins\u00e4tzen teilzunehmen und die in der Truppmannausbildung gelernten F\u00e4higkeiten von der Theorie in die Praxis umzusetzen.<\/p>\n<p>Nun k\u00f6nnen weitere spezifische Lehrg\u00e4nge folgen, um zus\u00e4tzliche Fertigkeiten zu erlernen. Hierzu z\u00e4hlt der Sprechfunkerlehrgang, der zu absolvieren ist, bevor am Funkverkehr teilgenommen werden darf. Auch der Atemschutzger\u00e4tetr\u00e4ger-Lehrgang darf mit dem Dienstgrad des Feuerwehrmannes besucht werden. Hierzu ist allerdings das Bestehen einer ausgiebigen \u00e4rztlichen Untersuchung (G26-III) zwingende Voraussetzung f\u00fcr die Teilnahme. Hier wird dem Feuerwehrmann in 25 Stunden alles beigebracht, um ihm das Tragen eines leichten Atemschutzes (Filtermaske) und auch des schweren Atemschutzes (Pressluftatmer mit ca. 300 Bar Luft) zu erm\u00f6glichen. Hierzu z\u00e4hlen auch Taktiken und Verhaltensweisen f\u00fcr den sogenannten Innenangriff. Ein weiterer spezifischer Lehrgang, der besucht werden kann, ist der\u00a0 Maschinistenlehrgang.<\/p>\n<p>In 35 Ausbildungsstunden werden die notwendigen technischen Ger\u00e4te der Feuerwehr sowie die Feuerwehrfahrzeuge und deren Bedienung erkl\u00e4rt. Mit einem g\u00fcltigen Lkw-F\u00fchrerschein d\u00fcrfen nach dem absolvierten Lehrgang Feuerwehrfahrzeuge jeglicher Art auf Dienst- und Einsatzfahrten gef\u00fchrt werden. Der Maschinist ist aus technischer Sicht f\u00fcr das Fahrzeug und die sich darauf befindlichen Ger\u00e4tschaften verantwortlich. Bei wasserf\u00fchrenden Fahrzeugen bedient der Maschinist die Pumpen.<\/p>\n<p><img loading=\"lazy\" decoding=\"async\" class=\"wp-image-686 alignleft\" src=\"https:\/\/www.feuerwehr-spelle.de\/cms\/wp-content\/uploads\/2025\/04\/IMG-20241122-WA0008_edited-300x300.jpg\" alt=\"\" width=\"390\" height=\"390\" srcset=\"https:\/\/www.feuerwehr-spelle.de\/cms\/wp-content\/uploads\/2025\/04\/IMG-20241122-WA0008_edited-300x300.jpg 300w, https:\/\/www.feuerwehr-spelle.de\/cms\/wp-content\/uploads\/2025\/04\/IMG-20241122-WA0008_edited-1024x1024.jpg 1024w, https:\/\/www.feuerwehr-spelle.de\/cms\/wp-content\/uploads\/2025\/04\/IMG-20241122-WA0008_edited-150x150.jpg 150w, https:\/\/www.feuerwehr-spelle.de\/cms\/wp-content\/uploads\/2025\/04\/IMG-20241122-WA0008_edited-768x768.jpg 768w, https:\/\/www.feuerwehr-spelle.de\/cms\/wp-content\/uploads\/2025\/04\/IMG-20241122-WA0008_edited-215x215.jpg 215w, https:\/\/www.feuerwehr-spelle.de\/cms\/wp-content\/uploads\/2025\/04\/IMG-20241122-WA0008_edited.jpg 1500w\" sizes=\"auto, (max-width: 390px) 100vw, 390px\" \/><\/p>\n<p>Neben den spezifischen Ausbildungen ist der zweite Teil der Truppmannausbildung Pflicht, um den n\u00e4chsten Dienstgrad zu erreichen. Der zweite Teil der Truppmannausbildung bedingt eine Teilnahme am Ausbildungsdienst von 80 Stunden in der jeweiligen Ortsfeuerwehr in einem Zeitraum von zwei Jahren. Sind die genannten Kriterien erf\u00fcllt, so kann die Bef\u00f6rderung zum Oberfeuerwehrmann erfolgen. Nach den auf Kreisebene stattfindenden Lehrg\u00e4ngen besteht die M\u00f6glichkeit, den Truppf\u00fchrerlehrgang zu besuchen. Ziel der Ausbildung ist das eigenverantwortliche F\u00fchren eines Feuerwehrtrupps. Dieser besteht in der Regel aus zwei oder drei Feuerwehrleuten. Nach Abschluss dieses Lehrgangs und einem weiteren Dienstjahr besteht die M\u00f6glichkeit der Bef\u00f6rderung zum Hauptfeuerwehrmann. Nach f\u00fcnf bis zehn Dienstjahren und gro\u00dfem Engagement (z.B. Funktion des Ger\u00e4tewartes oder Jugendfeuerwehrwartes) in der Feuerwehr kann eine Bef\u00f6rderung zum Ersten Hauptfeuerwehrmann erfolgen.<\/p>\n<p>&nbsp;<\/p>\n<p>Nach f\u00fcnf weiteren Dienstjahren und der erfolgreichen Teilnahme am Gruppenf\u00fchrerlehrgang, einem zweiw\u00f6chigen Lehrgang auf Landesebene, besteht die M\u00f6glichkeit der Bef\u00f6rderung zum L\u00f6schmeister. Der Gruppenf\u00fchrerlehrgang gibt die Bef\u00e4higung zum eigenverantwortlichen F\u00fchren einer Gruppe bestehend aus neun Feuerwehrmitgliedern. Durch an Funktionen gebundene, zus\u00e4tzliche T\u00e4tigkeiten (z.B. Ausbildert\u00e4tigkeiten) in der Feuerwehr besteht die M\u00f6glichkeit, zu den weiter folgenden Dienstgraden Oberl\u00f6schmeister, Hauptl\u00f6schmeister und Erster Hauptl\u00f6schmeister aufzusteigen. Die weiteren Schritte auf der Feuerwehrkarriereleiter folgen mit den Dienstgraden Brandmeister, Oberbrandmeister, Hauptbrandmeister und Erster Hauptbrandmeister.<\/p>\n<p>Alle weiteren Bef\u00f6rderungen gehen \u00fcber die Ortsfeuerwehr hinaus bis hin zum Kreisbrandmeister und als h\u00f6chste Auszeichnung zum Regierungsbrandmeister.<\/p>\n<p><img loading=\"lazy\" decoding=\"async\" class=\"aligncenter size-full wp-image-512\" src=\"https:\/\/www.feuerwehr-spelle.de\/cms\/wp-content\/uploads\/2019\/08\/Wussten_Sie-Ausbildung.png\" alt=\"\" width=\"1096\" height=\"566\" srcset=\"https:\/\/www.feuerwehr-spelle.de\/cms\/wp-content\/uploads\/2019\/08\/Wussten_Sie-Ausbildung.png 1096w, https:\/\/www.feuerwehr-spelle.de\/cms\/wp-content\/uploads\/2019\/08\/Wussten_Sie-Ausbildung-300x155.png 300w, https:\/\/www.feuerwehr-spelle.de\/cms\/wp-content\/uploads\/2019\/08\/Wussten_Sie-Ausbildung-768x397.png 768w, https:\/\/www.feuerwehr-spelle.de\/cms\/wp-content\/uploads\/2019\/08\/Wussten_Sie-Ausbildung-1024x529.png 1024w\" sizes=\"auto, (max-width: 1096px) 100vw, 1096px\" \/><\/p>\n","protected":false},"excerpt":{"rendered":"<p>Der Weg zum ausgebildeten Freiwilligen Feuerwehrmann in Spelle Wie kommt man eigentlich zur Feuerwehr und welche Ausbildung ist erforderlich, bis man ein einsatzf\u00e4higer Freiwilliger<\/p>\n","protected":false},"author":87,"featured_media":115,"parent":169,"menu_order":0,"comment_status":"closed","ping_status":"closed","template":"","meta":{"footnotes":""},"class_list":["post-199","page","type-page","status-publish","has-post-thumbnail","hentry"],"_links":{"self":[{"href":"https:\/\/www.feuerwehr-spelle.de\/cms\/wp-json\/wp\/v2\/pages\/199","targetHints":{"allow":["GET"]}}],"collection":[{"href":"https:\/\/www.feuerwehr-spelle.de\/cms\/wp-json\/wp\/v2\/pages"}],"about":[{"href":"https:\/\/www.feuerwehr-spelle.de\/cms\/wp-json\/wp\/v2\/types\/page"}],"author":[{"embeddable":true,"href":"https:\/\/www.feuerwehr-spelle.de\/cms\/wp-json\/wp\/v2\/users\/87"}],"replies":[{"embeddable":true,"href":"https:\/\/www.feuerwehr-spelle.de\/cms\/wp-json\/wp\/v2\/comments?post=199"}],"version-history":[{"count":13,"href":"https:\/\/www.feuerwehr-spelle.de\/cms\/wp-json\/wp\/v2\/pages\/199\/revisions"}],"predecessor-version":[{"id":689,"href":"https:\/\/www.feuerwehr-spelle.de\/cms\/wp-json\/wp\/v2\/pages\/199\/revisions\/689"}],"up":[{"embeddable":true,"href":"https:\/\/www.feuerwehr-spelle.de\/cms\/wp-json\/wp\/v2\/pages\/169"}],"wp:featuredmedia":[{"embeddable":true,"href":"https:\/\/www.feuerwehr-spelle.de\/cms\/wp-json\/wp\/v2\/media\/115"}],"wp:attachment":[{"href":"https:\/\/www.feuerwehr-spelle.de\/cms\/wp-json\/wp\/v2\/media?parent=199"}],"curies":[{"name":"wp","href":"https:\/\/api.w.org\/{rel}","templated":true}]}}