{"id":187,"date":"2019-04-15T20:21:42","date_gmt":"2019-04-15T18:21:42","guid":{"rendered":"http:\/\/www.feuerwehr-spelle.de\/cms\/?page_id=187"},"modified":"2025-04-08T09:17:33","modified_gmt":"2025-04-08T07:17:33","slug":"gefahrgutzug-cbrn","status":"publish","type":"page","link":"https:\/\/www.feuerwehr-spelle.de\/cms\/ueber-uns\/ueberoertliche-taetigkeiten\/gefahrgutzug-cbrn\/","title":{"rendered":"Gefahrgutzug \/ CBRN"},"content":{"rendered":"<p>Die Eins\u00e4tze im Bereich Gefahrgut nehmen stetig zu und erfordern eine zus\u00e4tzliche<br \/>\nAusr\u00fc<img loading=\"lazy\" decoding=\"async\" class=\"wp-image-677 size-medium alignright\" src=\"https:\/\/www.feuerwehr-spelle.de\/cms\/wp-content\/uploads\/2025\/04\/477031717_935344992120759_7733818126161839841_n-e1743492148542-229x300.jpg\" alt=\"\" width=\"229\" height=\"300\" srcset=\"https:\/\/www.feuerwehr-spelle.de\/cms\/wp-content\/uploads\/2025\/04\/477031717_935344992120759_7733818126161839841_n-e1743492148542-229x300.jpg 229w, https:\/\/www.feuerwehr-spelle.de\/cms\/wp-content\/uploads\/2025\/04\/477031717_935344992120759_7733818126161839841_n-e1743492148542-781x1024.jpg 781w, https:\/\/www.feuerwehr-spelle.de\/cms\/wp-content\/uploads\/2025\/04\/477031717_935344992120759_7733818126161839841_n-e1743492148542-768x1007.jpg 768w, https:\/\/www.feuerwehr-spelle.de\/cms\/wp-content\/uploads\/2025\/04\/477031717_935344992120759_7733818126161839841_n-e1743492148542.jpg 940w\" sizes=\"auto, (max-width: 229px) 100vw, 229px\" \/>stung und Ausbildung. Aus diesem Grund haben sich die Feuerwehren Salzbergen, Emsb\u00fcren, Bramscheund Spelle zusammengeschlossen, um gemeinsam Mannschaft und vorhandenes Ger\u00e4t nutzen zu k\u00f6nnen. Die FF Spelle hat hierzu vier Chemikalienschutzanz\u00fcge (CSA), die im Einsatzfall auf unserem Tankl\u00f6schfahrzeug (TLF 16\/25) mitgef\u00fchrt werden.<\/p>\n<p>Ge\u00fcbt wird in jedem Quartal bei den dazugeh\u00f6rigen Feuerwehren. Zus\u00e4tzlich findet einmal im Jahr eine Alarm\u00fcbung unter Einsatzbedingungen f\u00fcr den gesamten Zug statt. Im Alarmfall wird der Gefahrgutzug von der Leitstelle alarmiert und trifft sich im Rendezvousverfahren an der Einsatzstelle, um den Einsatz gemeinsam abarbeiten zu k\u00f6nnen.<\/p>\n<p>&nbsp;<\/p>\n","protected":false},"excerpt":{"rendered":"<p>Die Eins\u00e4tze im Bereich Gefahrgut nehmen stetig zu und erfordern eine zus\u00e4tzliche Ausr\u00fcstung und Ausbildung. Aus diesem Grund haben sich die Feuerwehren Salzbergen, Emsb\u00fcren,<\/p>\n","protected":false},"author":87,"featured_media":115,"parent":180,"menu_order":0,"comment_status":"closed","ping_status":"closed","template":"","meta":{"footnotes":""},"class_list":["post-187","page","type-page","status-publish","has-post-thumbnail","hentry"],"_links":{"self":[{"href":"https:\/\/www.feuerwehr-spelle.de\/cms\/wp-json\/wp\/v2\/pages\/187","targetHints":{"allow":["GET"]}}],"collection":[{"href":"https:\/\/www.feuerwehr-spelle.de\/cms\/wp-json\/wp\/v2\/pages"}],"about":[{"href":"https:\/\/www.feuerwehr-spelle.de\/cms\/wp-json\/wp\/v2\/types\/page"}],"author":[{"embeddable":true,"href":"https:\/\/www.feuerwehr-spelle.de\/cms\/wp-json\/wp\/v2\/users\/87"}],"replies":[{"embeddable":true,"href":"https:\/\/www.feuerwehr-spelle.de\/cms\/wp-json\/wp\/v2\/comments?post=187"}],"version-history":[{"count":10,"href":"https:\/\/www.feuerwehr-spelle.de\/cms\/wp-json\/wp\/v2\/pages\/187\/revisions"}],"predecessor-version":[{"id":742,"href":"https:\/\/www.feuerwehr-spelle.de\/cms\/wp-json\/wp\/v2\/pages\/187\/revisions\/742"}],"up":[{"embeddable":true,"href":"https:\/\/www.feuerwehr-spelle.de\/cms\/wp-json\/wp\/v2\/pages\/180"}],"wp:featuredmedia":[{"embeddable":true,"href":"https:\/\/www.feuerwehr-spelle.de\/cms\/wp-json\/wp\/v2\/media\/115"}],"wp:attachment":[{"href":"https:\/\/www.feuerwehr-spelle.de\/cms\/wp-json\/wp\/v2\/media?parent=187"}],"curies":[{"name":"wp","href":"https:\/\/api.w.org\/{rel}","templated":true}]}}